{"id":4091,"date":"2020-11-15T16:22:49","date_gmt":"2020-11-15T20:22:49","guid":{"rendered":"https:\/\/corporacionute-usach.cl\/wp\/?page_id=4091"},"modified":"2020-11-15T16:22:49","modified_gmt":"2020-11-15T20:22:49","slug":"pablo-renan-vera-torres","status":"publish","type":"page","link":"https:\/\/corporacionute-usach.cl\/wp\/memoria\/pablo-renan-vera-torres\/","title":{"rendered":"PABLO RENAN VERA TORRES"},"content":{"rendered":"<p><img loading=\"lazy\" class=\"wp-image-4092 alignleft\" src=\"https:\/\/corporacionute-usach.cl\/wp\/wp-content\/uploads\/2020\/11\/pablo_vera.jpg\" alt=\"\" width=\"248\" height=\"287\" \/>Pablo Vera Torres de 22 a\u00f1os, soltero. Hab\u00eda sido detenido el 19 de septiembre, en su casa, despu\u00e9s de un allanamiento, junto con su padre. Don Guillermo Vera, quien estuvo preso hasta diciembre de 1976, cuando se le conmut\u00f3 su pena de prisi\u00f3n por extra\u00f1amiento a la Rep\u00fablica Democr\u00e1tica Alemana, en donde muri\u00f3 posteriormente.<br \/>\n<u>El 4 de octubre de 1973 <\/u>fueron ejecutadas cuatro personas:<\/p>\n<p>&#8211;\u00a0\u00a0\u00a0\u00a0\u00a0\u00a0\u00a0\u00a0\u00a0\u00a0 Manuel PLAZA ARRELLANO, 25 a\u00f1os, T\u00e9cnico agr\u00edcola.\u00a0 Fue detenido en la madrugada del 20 de septiembre en su domicilio por una patrulla militar y enviado al Cuartel de Investigaciones de CAUQUENES.<\/p>\n<p>&#8211;\u00a0\u00a0\u00a0\u00a0\u00a0\u00a0\u00a0\u00a0\u00a0\u00a0 Claudio LAVIN LOYOLA, 29 a\u00f1os, T\u00e9cnico agr\u00edcola.\u00a0 Fue detenido el 2 de octubre de 1973 cuando se present\u00f3 al Cuartel de Investigaciones donde se le hab\u00eda ordenado ir a firmar diariamente.<\/p>\n<p>&#8211;\u00a0\u00a0\u00a0\u00a0\u00a0\u00a0\u00a0\u00a0\u00a0\u00a0 Miguel MU\u00d1OZ FLORES, 21 a\u00f1os, empleado de la Corporaci\u00f3n de Reforma Agraria (CORA).\u00a0 Fue detenido en su domicilio, inmediatamente despu\u00e9s de ocurridos los sucesos del d\u00eda 11 de septiembre, por efectivos de Investigaciones y trasladado al Cuartel de esa Instituci\u00f3n.<\/p>\n<p>&#8211;\u00a0\u00a0\u00a0\u00a0\u00a0\u00a0\u00a0\u00a0\u00a0\u00a0 <strong>Pablo VERA TORRES, 22 a\u00f1os, estudiante de Ingenier\u00eda de Ejecuci\u00f3n de la Universidad T\u00e9cnica del Estado, sede de Talca y empleado, dirigente de la Juventud Socialista de la zona, quien hab\u00eda sido detenido y dejado en libertad; detenido nuevamente el mismo mes, fue conducido al Cuartel de Investigaciones. <\/strong><\/p>\n<p><strong>\u00a0<\/strong>El d\u00eda 4 de octubre de 1973 estos j\u00f3venes socialistas fueron sacados desde el Cuartel de Investigaciones de Cauquenes, fuertemente custodiados por efectivos militares.\u00a0 Seg\u00fan la versi\u00f3n oficial, ello se hizo con el prop\u00f3sito de hacer una reconstituci\u00f3n de escena en el Fundo El Oriente, en las afueras de la ciudad.\u00a0 Los detenidos, seg\u00fan esa misma versi\u00f3n, habr\u00edan aprovechado esta circunstancia para atacar a uno de los centinelas, motivo por el cual se les dispar\u00f3, caus\u00e1ndoles la muerte a todos ellos, \u00aben cumplimiento al Bando 24 de la Junta Militar de Gobierno\u00bb.\u00a0 Dicho bando autorizaba a la ejecuci\u00f3n inmediata en caso de oposici\u00f3n o resistencia armada a las nuevas autoridades militares.<\/p>\n<p>Horas antes de la ejecuci\u00f3n, hab\u00eda arribado a la ciudad de Cauquenes, un helic\u00f3ptero que transportaba a un Oficial Delegado del Comandante en Jefe del Ej\u00e9rcito y de la Junta de Gobierno y a su comitiva.\u00a0 Esta permaneci\u00f3 en la ciudad hasta inmediatamente despu\u00e9s de verificarse los fusilamientos.\u00a0 Fueron vistos en la ciudad por numerosos testigos.\u00a0 Este viaje, en su contexto global, ya ha sido analizado.<\/p>\n<p>Las familias se enteraron de sus muertes mediante el bando oficial que fue dado a conocer a trav\u00e9s de altoparlantes instalados en la plaza de la ciudad.<\/p>\n<p>Los cuerpos sin vida de los cuatro j\u00f3venes, fueron llevados al Instituto M\u00e9dico Legal, donde se les practic\u00f3 la autopsia de rigor y luego llevados por efectivos militares al Cementerio Local, donde procedieron a enterrarlos en una fosa com\u00fan.\u00a0 S\u00f3lo la familia de uno de los ejecutados, a trav\u00e9s de gestiones personales, consigui\u00f3 exhumar el cuerpo de su v\u00edctima y darle sepultura.<\/p>\n<p>A esta Comisi\u00f3n le resulta inveros\u00edmil la versi\u00f3n oficial en consideraci\u00f3n de las siguientes circunstancias:<\/p>\n<p>&#8211;\u00a0\u00a0\u00a0\u00a0\u00a0\u00a0\u00a0\u00a0\u00a0\u00a0 El resultado del informe de autopsia de al menos uno de ellos, afirma que se le dispar\u00f3 en la sien a corta distancia, pericia que desmiente la versi\u00f3n oficial;<\/p>\n<p>&#8211;\u00a0\u00a0\u00a0\u00a0\u00a0\u00a0\u00a0\u00a0\u00a0\u00a0 La fuerte custodia militar bajo la cual fueron sacados los detenidos, hace improbable que, estando desarmados, hubieran atacado a un centinela;<\/p>\n<p>&#8211;\u00a0\u00a0\u00a0\u00a0\u00a0\u00a0\u00a0\u00a0\u00a0\u00a0 A\u00fan cuando lo anterior hubiese ocurrido, el personal militar que los custodiaba podr\u00eda haber procedido a reducirlos y recapturarlos sin necesidad de darles muerte.<\/p>\n<p>Por lo tanto la Comisi\u00f3n ha llegado a la convicci\u00f3n que estas cuatro personas fueron ejecutadas por agentes del Estado al margen de toda justificaci\u00f3n.\u00a0 Son v\u00edctimas de una grave violaci\u00f3n de su derecho a la vida y sus familias del leg\u00edtimo derecho a darles sepultura.<\/p>\n<p>(Informe Rettig)<\/p>\n<p>Viernes 5 de Octubre\u00a0 2001 Primera Linea<\/p>\n<p>Entregan cuerpos de ejecutados en Cauquenes<\/p>\n<p>Los cuerpos de Pablo Vera Torres, Manuel Plaza Arellano y Miguel Mu\u00f1oz Flores, ejecutados durante el paso por Cauquenes de la fat\u00eddica Caravana de la Muerte ser\u00e1n entregados ma\u00f1ana a sus familiares.<\/p>\n<p>La fecha coincide con la llegada a esa ciudad de la comitiva a cargo del general (r) Sergio Arellano Stark, seg\u00fan consta en el proceso que instruye el ministro de fuero Juan Guzm\u00e1n Tapia.<\/p>\n<p>La recepci\u00f3n de los restos se realizar\u00e1 a las 15.30 horas en la iglesia de la comuna, y a las 19.00 horas est\u00e1 organizada una velat\u00f3n frente al recinto.<\/p>\n<p>Esta actividad en Cauquenes fue programada en el marco de la llamada \u00abCaravana por la Vida y la Justicia\u00bb.<\/p>\n<p>En la entrega de los cuerpos estar\u00e1n presentes los abogados querellantes en este proceso, y gestores de esta \u00abCaravana por la Vida\u00bb, Hugo Guti\u00e9rrez y Boris Paredes.<\/p>\n<p>Los funerales de Vera, Plaza y Mu\u00f1oz, se realizar\u00e1n el s\u00e1bado 6 de octubre en el cementerio de la ciudad, con la presencia del obispo de Linares, monse\u00f1or Carlos Camus.<\/p>\n","protected":false},"excerpt":{"rendered":"<p>Pablo Vera Torres de 22 a\u00f1os, soltero. Hab\u00eda sido detenido el 19 de septiembre, en su casa, despu\u00e9s de un allanamiento, junto con su padre. Don Guillermo Vera, quien estuvo preso hasta diciembre de 1976, cuando se le conmut\u00f3 su pena de prisi\u00f3n por extra\u00f1amiento a la Rep\u00fablica Democr\u00e1tica Alemana, en donde muri\u00f3 posteriormente. El [&hellip;]<\/p>\n","protected":false},"author":3,"featured_media":0,"parent":88,"menu_order":0,"comment_status":"closed","ping_status":"closed","template":"","meta":{"pagelayer_contact_templates":[],"_pagelayer_content":""},"_links":{"self":[{"href":"https:\/\/corporacionute-usach.cl\/wp\/wp-json\/wp\/v2\/pages\/4091"}],"collection":[{"href":"https:\/\/corporacionute-usach.cl\/wp\/wp-json\/wp\/v2\/pages"}],"about":[{"href":"https:\/\/corporacionute-usach.cl\/wp\/wp-json\/wp\/v2\/types\/page"}],"author":[{"embeddable":true,"href":"https:\/\/corporacionute-usach.cl\/wp\/wp-json\/wp\/v2\/users\/3"}],"replies":[{"embeddable":true,"href":"https:\/\/corporacionute-usach.cl\/wp\/wp-json\/wp\/v2\/comments?post=4091"}],"version-history":[{"count":1,"href":"https:\/\/corporacionute-usach.cl\/wp\/wp-json\/wp\/v2\/pages\/4091\/revisions"}],"predecessor-version":[{"id":4093,"href":"https:\/\/corporacionute-usach.cl\/wp\/wp-json\/wp\/v2\/pages\/4091\/revisions\/4093"}],"up":[{"embeddable":true,"href":"https:\/\/corporacionute-usach.cl\/wp\/wp-json\/wp\/v2\/pages\/88"}],"wp:attachment":[{"href":"https:\/\/corporacionute-usach.cl\/wp\/wp-json\/wp\/v2\/media?parent=4091"}],"curies":[{"name":"wp","href":"https:\/\/api.w.org\/{rel}","templated":true}]}}

<p><img loading="lazy" class="wp-image-4092 alignleft" src="https://corporacionute-usach.cl/wp/wp-content/uploads/2020/11/pablo_vera.jpg" alt="" width="248" height="287" />Pablo Vera Torres de 22 años, soltero. Había sido detenido el 19 de septiembre, en su casa, después de un allanamiento, junto con su padre. Don Guillermo Vera, quien estuvo preso hasta diciembre de 1976, cuando se le conmutó su pena de prisión por extrañamiento a la República Democrática Alemana, en donde murió posteriormente.<br />
<u>El 4 de octubre de 1973 </u>fueron ejecutadas cuatro personas:</p>
<p>&#8211;           Manuel PLAZA ARRELLANO, 25 años, Técnico agrícola.  Fue detenido en la madrugada del 20 de septiembre en su domicilio por una patrulla militar y enviado al Cuartel de Investigaciones de CAUQUENES.</p>
<p>&#8211;           Claudio LAVIN LOYOLA, 29 años, Técnico agrícola.  Fue detenido el 2 de octubre de 1973 cuando se presentó al Cuartel de Investigaciones donde se le había ordenado ir a firmar diariamente.</p>
<p>&#8211;           Miguel MUÑOZ FLORES, 21 años, empleado de la Corporación de Reforma Agraria (CORA).  Fue detenido en su domicilio, inmediatamente después de ocurridos los sucesos del día 11 de septiembre, por efectivos de Investigaciones y trasladado al Cuartel de esa Institución.</p>
<p>&#8211;           <strong>Pablo VERA TORRES, 22 años, estudiante de Ingeniería de Ejecución de la Universidad Técnica del Estado, sede de Talca y empleado, dirigente de la Juventud Socialista de la zona, quien había sido detenido y dejado en libertad; detenido nuevamente el mismo mes, fue conducido al Cuartel de Investigaciones. </strong></p>
<p><strong> </strong>El día 4 de octubre de 1973 estos jóvenes socialistas fueron sacados desde el Cuartel de Investigaciones de Cauquenes, fuertemente custodiados por efectivos militares.  Según la versión oficial, ello se hizo con el propósito de hacer una reconstitución de escena en el Fundo El Oriente, en las afueras de la ciudad.  Los detenidos, según esa misma versión, habrían aprovechado esta circunstancia para atacar a uno de los centinelas, motivo por el cual se les disparó, causándoles la muerte a todos ellos, «en cumplimiento al Bando 24 de la Junta Militar de Gobierno».  Dicho bando autorizaba a la ejecución inmediata en caso de oposición o resistencia armada a las nuevas autoridades militares.</p>
<p>Horas antes de la ejecución, había arribado a la ciudad de Cauquenes, un helicóptero que transportaba a un Oficial Delegado del Comandante en Jefe del Ejército y de la Junta de Gobierno y a su comitiva.  Esta permaneció en la ciudad hasta inmediatamente después de verificarse los fusilamientos.  Fueron vistos en la ciudad por numerosos testigos.  Este viaje, en su contexto global, ya ha sido analizado.</p>
<p>Las familias se enteraron de sus muertes mediante el bando oficial que fue dado a conocer a través de altoparlantes instalados en la plaza de la ciudad.</p>
<p>Los cuerpos sin vida de los cuatro jóvenes, fueron llevados al Instituto Médico Legal, donde se les practicó la autopsia de rigor y luego llevados por efectivos militares al Cementerio Local, donde procedieron a enterrarlos en una fosa común.  Sólo la familia de uno de los ejecutados, a través de gestiones personales, consiguió exhumar el cuerpo de su víctima y darle sepultura.</p>
<p>A esta Comisión le resulta inverosímil la versión oficial en consideración de las siguientes circunstancias:</p>
<p>&#8211;           El resultado del informe de autopsia de al menos uno de ellos, afirma que se le disparó en la sien a corta distancia, pericia que desmiente la versión oficial;</p>
<p>&#8211;           La fuerte custodia militar bajo la cual fueron sacados los detenidos, hace improbable que, estando desarmados, hubieran atacado a un centinela;</p>
<p>&#8211;           Aún cuando lo anterior hubiese ocurrido, el personal militar que los custodiaba podría haber procedido a reducirlos y recapturarlos sin necesidad de darles muerte.</p>
<p>Por lo tanto la Comisión ha llegado a la convicción que estas cuatro personas fueron ejecutadas por agentes del Estado al margen de toda justificación.  Son víctimas de una grave violación de su derecho a la vida y sus familias del legítimo derecho a darles sepultura.</p>
<p>(Informe Rettig)</p>
<p>Viernes 5 de Octubre  2001 Primera Linea</p>
<p>Entregan cuerpos de ejecutados en Cauquenes</p>
<p>Los cuerpos de Pablo Vera Torres, Manuel Plaza Arellano y Miguel Muñoz Flores, ejecutados durante el paso por Cauquenes de la fatídica Caravana de la Muerte serán entregados mañana a sus familiares.</p>
<p>La fecha coincide con la llegada a esa ciudad de la comitiva a cargo del general (r) Sergio Arellano Stark, según consta en el proceso que instruye el ministro de fuero Juan Guzmán Tapia.</p>
<p>La recepción de los restos se realizará a las 15.30 horas en la iglesia de la comuna, y a las 19.00 horas está organizada una velatón frente al recinto.</p>
<p>Esta actividad en Cauquenes fue programada en el marco de la llamada «Caravana por la Vida y la Justicia».</p>
<p>En la entrega de los cuerpos estarán presentes los abogados querellantes en este proceso, y gestores de esta «Caravana por la Vida», Hugo Gutiérrez y Boris Paredes.</p>
<p>Los funerales de Vera, Plaza y Muñoz, se realizarán el sábado 6 de octubre en el cementerio de la ciudad, con la presencia del obispo de Linares, monseñor Carlos Camus.</p>

<p>Pablo Vera Torres de 22 años, soltero. Había sido detenido el 19 de septiembre, en su casa, después de un allanamiento, junto con su padre. Don Guillermo Vera, quien estuvo preso hasta diciembre de 1976, cuando se le conmutó su pena de prisión por extrañamiento a la República Democrática Alemana, en donde murió posteriormente. El [&hellip;]</p>
