{"id":3993,"date":"2020-11-14T20:04:14","date_gmt":"2020-11-15T00:04:14","guid":{"rendered":"https:\/\/corporacionute-usach.cl\/wp\/?page_id=3993"},"modified":"2020-11-14T20:04:14","modified_gmt":"2020-11-15T00:04:14","slug":"dixon-retamal-cornejo","status":"publish","type":"page","link":"https:\/\/corporacionute-usach.cl\/wp\/memoria\/dixon-retamal-cornejo\/","title":{"rendered":"DIXON RETAMAL CORNEJO"},"content":{"rendered":"<p style=\"text-align: justify;\"><img loading=\"lazy\" class=\" wp-image-3994 alignleft\" src=\"https:\/\/corporacionute-usach.cl\/wp\/wp-content\/uploads\/2020\/11\/retamal-cornejo-dixon.jpg\" alt=\"\" width=\"246\" height=\"328\" \/>Rut\u00a0\u00a0\u00a0\u00a0\u00a0\u00a0\u00a0\u00a0\u00a0\u00a0\u00a0\u00a0\u00a0\u00a0\u00a0\u00a0\u00a0\u00a0\u00a0 :\u00a0\u00a0\u00a0\u00a0\u00a0\u00a0\u00a0\u00a0\u00a0\u00a0 33.962 Villarrica<br \/>\nF.Nacim.\u00a0\u00a0\u00a0\u00a0\u00a0\u00a0\u00a0\u00a0 :\u00a0\u00a0\u00a0\u00a0\u00a0\u00a0\u00a0\u00a0\u00a0\u00a0 27-08-49, 24 a\u00f1os de edad a la fecha de su detenci\u00f3n.<br \/>\nDomicilio\u00a0\u00a0\u00a0\u00a0\u00a0\u00a0 :\u00a0\u00a0\u00a0\u00a0\u00a0\u00a0\u00a0\u00a0\u00a0\u00a0 Freire N\u00b0147, Temuco<br \/>\nE.Civil\u00a0\u00a0\u00a0\u00a0\u00a0\u00a0\u00a0\u00a0\u00a0\u00a0\u00a0\u00a0\u00a0\u00a0 :\u00a0\u00a0\u00a0\u00a0\u00a0\u00a0\u00a0\u00a0\u00a0\u00a0 Soltero<br \/>\nActividad\u00a0\u00a0\u00a0\u00a0\u00a0\u00a0 :\u00a0\u00a0\u00a0\u00a0\u00a0\u00a0\u00a0\u00a0\u00a0\u00a0 Estudiante de Construcci\u00f3n Civil en la U. T\u00e9cnica, Sede Temuco.<br \/>\nC.Repres.\u00a0\u00a0\u00a0\u00a0\u00a0 :\u00a0\u00a0\u00a0\u00a0\u00a0\u00a0\u00a0\u00a0\u00a0\u00a0 Militante del Movimiento de Izquierda Revolucionaria, MIR.<br \/>\nF.Detenc.\u00a0\u00a0\u00a0\u00a0\u00a0 :\u00a0\u00a0\u00a0\u00a0\u00a0\u00a0\u00a0\u00a0\u00a0\u00a0 3 de octubre de 1973\n<\/p>\n<p>&nbsp;<\/p>\n<p style=\"text-align: justify;\">SITUACION REPRESIVA<\/p>\n<p style=\"text-align: justify;\">Dixon Retamal Cornejo, estudiante universitario, militante del Movimiento de Izquierda Revolucionaria, MIR, fue detenido el 3 de octubre de 1973, alrededor de las 23:00 horas, por efectivos de la Base N\u00b03 de Helic\u00f3pteros de la Fuerza A\u00e9rea de Chile de Temuco, quienes, en n\u00famero de 6, irrumpieron violentamente en la casa-pensi\u00f3n ubicada en Freire 147, preguntando a la due\u00f1a de casa, do\u00f1a Lucrecia Z\u00fa\u00f1iga, por Dixon Retamal. A continuaci\u00f3n se introdujeron en la pieza que \u00e9ste compart\u00eda con otros estudiantes y procedieron a registrar los muebles y cajones de la habitaci\u00f3n, retirando algunos cuadernos del afectado que, seg\u00fan manifestaron, \u00ables servir\u00eda como medio de prueba\u00bb. Una vez finalizado el ilegal procedimiento, sacaron a la v\u00edctima de la casa, permiti\u00e9ndole el oficial a cargo, sacar ropa de abrigo, siendo trasladado a la Base N\u00b03 de Helic\u00f3pteros de la FACH, desde donde desaparece, perdi\u00e9ndose todo rastro de su persona. Testigo de su aprehensi\u00f3n fueron la se\u00f1ora Z\u00fa\u00f1iga, su c\u00f3nyuge y un hijo de ambos, adem\u00e1s de los otros estudiantes pensionistas del lugar.<\/p>\n<p style=\"text-align: justify;\">Al d\u00eda siguiente de acaecidos los hechos, la due\u00f1a de la pensi\u00f3n, como otros pensionistas concurrieron al Regimiento Tucapel y a la C\u00e1rcel P\u00fablica de Temuco, pero en ambos lugares negaron que Dixon Retamal estuviera detenido y no se allanaron a dar la menor informaci\u00f3n.<\/p>\n<p style=\"text-align: justify;\">Con posterioridad, el padre del afectado, don Juan Bautista Retamal Gonz\u00e1lez, se dirigi\u00f3 junto a su hermano Custodio Retamal Gonz\u00e1lez, al Grupo N\u00b03 de Helic\u00f3pteros de la FACH. All\u00ed, un oficial les inform\u00f3 que efectivamente Dixon Retamal hab\u00eda estado detenido en esa unidad, neg\u00e1ndose a dar mayores informaciones. Tan s\u00f3lo se limit\u00f3 a se\u00f1alar que los antecedentes los ten\u00eda Carabineros. Sin embargo, Carabineros neg\u00f3 toda participaci\u00f3n en los hechos.<\/p>\n<p style=\"text-align: justify;\">En vano fueron las gestiones que sus padres realizaron con el fin de dar con su paradero. A\u00fan desconocen la suerte que corri\u00f3 Dixon Retamal en manos de sus captores.<\/p>\n<p style=\"text-align: justify;\">GESTIONES JUDICIALES Y\/O ADMINISTRATIVAS<\/p>\n<p style=\"text-align: justify;\">En marzo de 1979, el caso de Dixon Retamal fue incluido entre los casos que el Obispado de Temuco present\u00f3 a la Corte Suprema de Justicia. El m\u00e1ximo Tribunal orden\u00f3 por su parte a la Corte de Apelaciones de Temuco nombrar un Ministro en Visita a fin de instruir proceso por las personas detenidas desaparecidas del Departamento de Temuco y Pitrufqu\u00e9n. La Corte de Apelaciones, a su vez, nombr\u00f3 al Sr. Ministro Alfredo Meynet Gonz\u00e1lez, inici\u00e1ndose la causa rol 2-79.<\/p>\n<p style=\"text-align: justify;\">En la tramitaci\u00f3n de dicha causa, prestaron declaraci\u00f3n los padres de la v\u00edctima, quienes ratificaron las circunstancias en que ocurrieron los hechos. Tambi\u00e9n compareci\u00f3 don Custodio Retamal Gonz\u00e1lez, retirado de la Marina, quien se\u00f1al\u00f3 que efectivamente acompa\u00f1\u00f3 a su hermano Juan a la Base de la Fuerza A\u00e9rea en donde le manifestaron que efectivamente Dixon Retamal hab\u00eda estado detenido pero no dieron ninguna informaci\u00f3n acerca de su paradero; durante la conversaci\u00f3n, el oficial que los atendi\u00f3 manifest\u00f3 que \u00aba los activistas hab\u00eda que irlos liquidando\u00bb. Por otra parte, el Comandante del Grupo N\u00b03 de Helic\u00f3pteros, se\u00f1al\u00f3 al Sr. Ministro en Visita que en la Unidad a su mando no hay antecedentes sobre el ofendido. La respectiva orden de investigar diligenciada por el Servicio de Investigaciones, no dio resultado alguno por cuanto s\u00f3lo se entrevist\u00f3 al padre de la v\u00edctima.<\/p>\n<p style=\"text-align: justify;\">El 25 de octubre de 1979, luego de recibirse el extracto de filiaci\u00f3n del afectado, el Sr. Ministro se declar\u00f3 incompetente de seguir conociendo los hechos y remiti\u00f3 los antecedentes al IV Juzgado Militar de Valdivia con el fundamento de que en la detenci\u00f3n del afectado actu\u00f3 personal de las Fuerzas Armadas, presumiendo el magistrado que en su desaparecimiento alguna suerte de responsabilidad le cabe al personal uniformado que procedi\u00f3 a su detenci\u00f3n.<\/p>\n<p style=\"text-align: justify;\">En el caso de Dixon Retamal, el IV Juzgado Militar no acept\u00f3 su competencia y remiti\u00f3 los antecedentes respectivos al Juzgado de Aviaci\u00f3n. Este \u00faltimo Tribunal castrense acept\u00f3 conocer los hechos y orden\u00f3 a la Fiscal\u00eda de Aviaci\u00f3n de Puerto Montt, instruir la causa rol 7-80, la que fue sobrese\u00edda temporalmente el 23 de julio de 1981, resoluci\u00f3n que fue aprobada por la Corte Marcial en octubre de 1981.<\/p>\n<p style=\"text-align: justify;\">El 14 de febrero de 1991, el 2\u00b0 Juzgado del Crimen de Temuco, inici\u00f3 la causa rol 73.369 por presunta desgracia de 4 personas desaparecidas, entre ellas Dixon Retamal Cornejo. Dicho sumario se inici\u00f3 a ra\u00edz de los antecedentes que la Comisi\u00f3n Nacional de Verdad y Reconciliaci\u00f3n enviara a dicho Tribunal.<\/p>\n","protected":false},"excerpt":{"rendered":"<p>Rut\u00a0\u00a0\u00a0\u00a0\u00a0\u00a0\u00a0\u00a0\u00a0\u00a0\u00a0\u00a0\u00a0\u00a0\u00a0\u00a0\u00a0\u00a0\u00a0 :\u00a0\u00a0\u00a0\u00a0\u00a0\u00a0\u00a0\u00a0\u00a0\u00a0 33.962 Villarrica F.Nacim.\u00a0\u00a0\u00a0\u00a0\u00a0\u00a0\u00a0\u00a0 :\u00a0\u00a0\u00a0\u00a0\u00a0\u00a0\u00a0\u00a0\u00a0\u00a0 27-08-49, 24 a\u00f1os de edad a la fecha de su detenci\u00f3n. Domicilio\u00a0\u00a0\u00a0\u00a0\u00a0\u00a0 :\u00a0\u00a0\u00a0\u00a0\u00a0\u00a0\u00a0\u00a0\u00a0\u00a0 Freire N\u00b0147, Temuco E.Civil\u00a0\u00a0\u00a0\u00a0\u00a0\u00a0\u00a0\u00a0\u00a0\u00a0\u00a0\u00a0\u00a0\u00a0 :\u00a0\u00a0\u00a0\u00a0\u00a0\u00a0\u00a0\u00a0\u00a0\u00a0 Soltero Actividad\u00a0\u00a0\u00a0\u00a0\u00a0\u00a0 :\u00a0\u00a0\u00a0\u00a0\u00a0\u00a0\u00a0\u00a0\u00a0\u00a0 Estudiante de Construcci\u00f3n Civil en la U. T\u00e9cnica, Sede Temuco. C.Repres.\u00a0\u00a0\u00a0\u00a0\u00a0 :\u00a0\u00a0\u00a0\u00a0\u00a0\u00a0\u00a0\u00a0\u00a0\u00a0 Militante del Movimiento de Izquierda Revolucionaria, MIR. F.Detenc.\u00a0\u00a0\u00a0\u00a0\u00a0 :\u00a0\u00a0\u00a0\u00a0\u00a0\u00a0\u00a0\u00a0\u00a0\u00a0 3 de octubre de 1973 &nbsp; SITUACION [&hellip;]<\/p>\n","protected":false},"author":3,"featured_media":0,"parent":88,"menu_order":0,"comment_status":"closed","ping_status":"closed","template":"","meta":{"pagelayer_contact_templates":[],"_pagelayer_content":""},"_links":{"self":[{"href":"https:\/\/corporacionute-usach.cl\/wp\/wp-json\/wp\/v2\/pages\/3993"}],"collection":[{"href":"https:\/\/corporacionute-usach.cl\/wp\/wp-json\/wp\/v2\/pages"}],"about":[{"href":"https:\/\/corporacionute-usach.cl\/wp\/wp-json\/wp\/v2\/types\/page"}],"author":[{"embeddable":true,"href":"https:\/\/corporacionute-usach.cl\/wp\/wp-json\/wp\/v2\/users\/3"}],"replies":[{"embeddable":true,"href":"https:\/\/corporacionute-usach.cl\/wp\/wp-json\/wp\/v2\/comments?post=3993"}],"version-history":[{"count":1,"href":"https:\/\/corporacionute-usach.cl\/wp\/wp-json\/wp\/v2\/pages\/3993\/revisions"}],"predecessor-version":[{"id":3995,"href":"https:\/\/corporacionute-usach.cl\/wp\/wp-json\/wp\/v2\/pages\/3993\/revisions\/3995"}],"up":[{"embeddable":true,"href":"https:\/\/corporacionute-usach.cl\/wp\/wp-json\/wp\/v2\/pages\/88"}],"wp:attachment":[{"href":"https:\/\/corporacionute-usach.cl\/wp\/wp-json\/wp\/v2\/media?parent=3993"}],"curies":[{"name":"wp","href":"https:\/\/api.w.org\/{rel}","templated":true}]}}

<p style="text-align: justify;"><img loading="lazy" class=" wp-image-3994 alignleft" src="https://corporacionute-usach.cl/wp/wp-content/uploads/2020/11/retamal-cornejo-dixon.jpg" alt="" width="246" height="328" />Rut                    :           33.962 Villarrica<br />
F.Nacim.         :           27-08-49, 24 años de edad a la fecha de su detención.<br />
Domicilio       :           Freire N°147, Temuco<br />
E.Civil               :           Soltero<br />
Actividad       :           Estudiante de Construcción Civil en la U. Técnica, Sede Temuco.<br />
C.Repres.      :           Militante del Movimiento de Izquierda Revolucionaria, MIR.<br />
F.Detenc.      :           3 de octubre de 1973
</p>
<p>&nbsp;</p>
<p style="text-align: justify;">SITUACION REPRESIVA</p>
<p style="text-align: justify;">Dixon Retamal Cornejo, estudiante universitario, militante del Movimiento de Izquierda Revolucionaria, MIR, fue detenido el 3 de octubre de 1973, alrededor de las 23:00 horas, por efectivos de la Base N°3 de Helicópteros de la Fuerza Aérea de Chile de Temuco, quienes, en número de 6, irrumpieron violentamente en la casa-pensión ubicada en Freire 147, preguntando a la dueña de casa, doña Lucrecia Zúñiga, por Dixon Retamal. A continuación se introdujeron en la pieza que éste compartía con otros estudiantes y procedieron a registrar los muebles y cajones de la habitación, retirando algunos cuadernos del afectado que, según manifestaron, «les serviría como medio de prueba». Una vez finalizado el ilegal procedimiento, sacaron a la víctima de la casa, permitiéndole el oficial a cargo, sacar ropa de abrigo, siendo trasladado a la Base N°3 de Helicópteros de la FACH, desde donde desaparece, perdiéndose todo rastro de su persona. Testigo de su aprehensión fueron la señora Zúñiga, su cónyuge y un hijo de ambos, además de los otros estudiantes pensionistas del lugar.</p>
<p style="text-align: justify;">Al día siguiente de acaecidos los hechos, la dueña de la pensión, como otros pensionistas concurrieron al Regimiento Tucapel y a la Cárcel Pública de Temuco, pero en ambos lugares negaron que Dixon Retamal estuviera detenido y no se allanaron a dar la menor información.</p>
<p style="text-align: justify;">Con posterioridad, el padre del afectado, don Juan Bautista Retamal González, se dirigió junto a su hermano Custodio Retamal González, al Grupo N°3 de Helicópteros de la FACH. Allí, un oficial les informó que efectivamente Dixon Retamal había estado detenido en esa unidad, negándose a dar mayores informaciones. Tan sólo se limitó a señalar que los antecedentes los tenía Carabineros. Sin embargo, Carabineros negó toda participación en los hechos.</p>
<p style="text-align: justify;">En vano fueron las gestiones que sus padres realizaron con el fin de dar con su paradero. Aún desconocen la suerte que corrió Dixon Retamal en manos de sus captores.</p>
<p style="text-align: justify;">GESTIONES JUDICIALES Y/O ADMINISTRATIVAS</p>
<p style="text-align: justify;">En marzo de 1979, el caso de Dixon Retamal fue incluido entre los casos que el Obispado de Temuco presentó a la Corte Suprema de Justicia. El máximo Tribunal ordenó por su parte a la Corte de Apelaciones de Temuco nombrar un Ministro en Visita a fin de instruir proceso por las personas detenidas desaparecidas del Departamento de Temuco y Pitrufquén. La Corte de Apelaciones, a su vez, nombró al Sr. Ministro Alfredo Meynet González, iniciándose la causa rol 2-79.</p>
<p style="text-align: justify;">En la tramitación de dicha causa, prestaron declaración los padres de la víctima, quienes ratificaron las circunstancias en que ocurrieron los hechos. También compareció don Custodio Retamal González, retirado de la Marina, quien señaló que efectivamente acompañó a su hermano Juan a la Base de la Fuerza Aérea en donde le manifestaron que efectivamente Dixon Retamal había estado detenido pero no dieron ninguna información acerca de su paradero; durante la conversación, el oficial que los atendió manifestó que «a los activistas había que irlos liquidando». Por otra parte, el Comandante del Grupo N°3 de Helicópteros, señaló al Sr. Ministro en Visita que en la Unidad a su mando no hay antecedentes sobre el ofendido. La respectiva orden de investigar diligenciada por el Servicio de Investigaciones, no dio resultado alguno por cuanto sólo se entrevistó al padre de la víctima.</p>
<p style="text-align: justify;">El 25 de octubre de 1979, luego de recibirse el extracto de filiación del afectado, el Sr. Ministro se declaró incompetente de seguir conociendo los hechos y remitió los antecedentes al IV Juzgado Militar de Valdivia con el fundamento de que en la detención del afectado actuó personal de las Fuerzas Armadas, presumiendo el magistrado que en su desaparecimiento alguna suerte de responsabilidad le cabe al personal uniformado que procedió a su detención.</p>
<p style="text-align: justify;">En el caso de Dixon Retamal, el IV Juzgado Militar no aceptó su competencia y remitió los antecedentes respectivos al Juzgado de Aviación. Este último Tribunal castrense aceptó conocer los hechos y ordenó a la Fiscalía de Aviación de Puerto Montt, instruir la causa rol 7-80, la que fue sobreseída temporalmente el 23 de julio de 1981, resolución que fue aprobada por la Corte Marcial en octubre de 1981.</p>
<p style="text-align: justify;">El 14 de febrero de 1991, el 2° Juzgado del Crimen de Temuco, inició la causa rol 73.369 por presunta desgracia de 4 personas desaparecidas, entre ellas Dixon Retamal Cornejo. Dicho sumario se inició a raíz de los antecedentes que la Comisión Nacional de Verdad y Reconciliación enviara a dicho Tribunal.</p>

<p>Rut                    :           33.962 Villarrica F.Nacim.         :           27-08-49, 24 años de edad a la fecha de su detención. Domicilio       :           Freire N°147, Temuco E.Civil               :           Soltero Actividad       :           Estudiante de Construcción Civil en la U. Técnica, Sede Temuco. C.Repres.      :           Militante del Movimiento de Izquierda Revolucionaria, MIR. F.Detenc.      :           3 de octubre de 1973 &nbsp; SITUACION [&hellip;]</p>
